ase 11, what is 20 - -8?
28
In base 3, what is -10 - -1110200?
1110120
In base 3, what is -2110010 + -21?
-2110101
In base 3, what is -12 - -11000?
10211
In base 2, what is 1000000 + -10?
111110
In base 7, what is -32 - -4?
-25
In base 10, what is -72 + 278?
206
In base 16, what is -a5 - -6?
-9f
In base 11, what is 262 - 17?
246
In base 4, what is 11 - 20120?
-20103
In base 16, what is -64 + 15?
-4f
In base 11, what is 3 - -3?
6
In base 11, what is -1537 + 0?
-1537
In base 12, what is -4 - 7?
-b
In base 6, what is -215 + -204?
-423
In base 15, what is -e98 + 0?
-e98
In base 9, what is 5 - -78?
84
In base 9, what is 5 + 2461?
2466
In base 10, what is 15 + -7?
8
In base 4, what is 11 - 2002?
-1331
In base 9, what is -50 - -10?
-40
In base 15, what is 14 + -15?
-1
In base 11, what is -6a - -1a?
-50
In base 9, what is 152 - 20?
132
In base 13, what is 98 - 2?
96
In base 2, what is 101 - 1001?
-100
In base 13, what is -13 - 0?
-13
In base 5, what is -12000 + -1?
-12001
In base 15, what is -16 - -e6?
d0
In base 8, what is -5 - 13006?
-13013
In base 3, what is 1011 - -1110?
2121
In base 3, what is 200 + 1010121?
1011021
In base 4, what is -2320 - -213?
-2101
In base 15, what is -8b - -c?
-7e
In base 14, what is -4 + 18a0?
189a
In base 4, what is 3303 + 10?
3313
In base 4, what is 13203 + -10?
13133
In base 15, what is a + -13?
-8
In base 11, what is -3 + 25?
22
In base 2, what is 10 + -1101?
-1011
In base 15, what is 3b5 + -2?
3b3
In base 10, what is -599 + 5?
-594
In base 8, what is -2 + -2560?
-2562
In base 13, what is -809 + 5?
-804
In base 3, what is -1 + 101010?
101002
In base 2, what is 11000101011 + 10010?
11000111101
In base 16, what is 7 + 15?
1c
In base 12, what is -4 + -483?
-487
In base 4, what is 1201 + -10?
1131
In base 7, what is 12 + 231?
243
In base 16, what is -13 - 3a?
-4d
In base 16, what is 7d3 + -6?
7cd
In base 6, what is -1 - 1005?
-1010
In base 11, what is -4 - -3a?
36
In base 15, what is 5 - -18c?
192
In base 6, what is -10505 - -2?
-10503
In base 5, what is 13 - -30?
43
In base 7, what is -3 - 360?
-363
In base 7, what is 52 - 214?
-132
In base 16, what is -e3 + 3?
-e0
In base 14, what is 197 - -5?
19c
In base 6, what is -1330 + 3?
-1323
In base 14, what is -84 + 5?
-7d
In base 6, what is -505 + 0?
-505
In base 3, what is 1001021 + -10?
1001011
In base 2, what is 100 + -10001100011?
-10001011111
In base 6, what is 15 + -23?
-4
In base 10, what is 413 + -13?
400
In base 10, what is -5 - 161?
-166
In base 13, what is -22 - 0?
-22
In base 13, what is -168 + 3?
-165
In base 16, what is 1e - c?
12
In base 11, what is -3340 - 0?
-3340
In base 6, what is -1344 - 10?
-1354
In base 14, what is 169 + 2a?
195
In base 15, what is -9a8 - -2?
-9a6
In base 10, what is 276 - -5?
281
In base 3, what is 200 + -2200?
-2000
In base 2, what is 101010100000010 - -11?
101010100000101
In base 3, what is -11 - 2010?
-2021
In base 15, what is -1 - 128c?
-128d
In base 9, what is -1831 - -5?
-1825
In base 4, what is 22 + 32?
120
In base 3, what is 100002 - 0?
100002
In base 12, what is 864 - 2?
862
In base 5, what is -114003 - -4?
-113444
In base 13, what is -5 + 190?
188
In base 13, what is 1 + -29?
-28
In base 4, what is 0 + -122132?
-122132
In base 3, what is 2 - -10102?
10111
In base 6, what is 3 - -4413?
4420
In base 7, what is -2213 - 22?
-2235
In base 12, what is -1 + -24?
-25
In base 9, what is 0 + -338?
-338
In base 3, what is -111 - 121?
-1002
In base 15, what is 5 - -94?
99
In base 4, what is -2321 - 2?
-2323
In base 9, what is -583 - 5?
-588
In base 7, what is -4 + -142?
-146
In base 12, what is -a4 - -1b?
-85
In base 14, what is -67 + -23?
-8a
In base 4, what is 123 - 1?
122
In base 3, what is -10020 - 0?
-10020
In base 5, what is -210 + -4?
-214
In base 10, what is -2 - 112?
-114
In base 6, what is 12 + 22?
34
In base 12, what is 1 - 91?
-90
In base 9, what is -1046 - 10?
-1056
In base 3, what is 10210 - 11?
10122
In base 11, what is 1 + -332?
-331
In base 14, what is 6293 + 1?
6294
In base 12, what is 1 + 11?
12
In base 13, what is -16 + 5?
-11
In base 3, what is 1110 + 2122?
11002
In base 13, what is 3 - -8ac?
8b2
In base 11, what is 2 + 73?
75
In base 11, what is -578 - -1?
-577
In base 6, what is -120114 + 2?
-120112
In base 3, what is 102201 - -1010?
110211
In base 15, what is -5 + 9?
4
In base 7, what is 166434 - -2?
166436
In base 2, what is -10 + -100101110?
-100110000
In base 12, what is 9 + 0?
9
In base 2, what is -100 - 10110100011?
-10110100111
In base 6, what is 5235 + 2?
5241
In base 10, what is 0 + -3636?
-3636
In base 2, what is -101 + -1000?
-1101
In base 7, what is 1522 + 1?
1523
In base 10, what is -65 - 28?
-93
In base 13, what is -b2 - 5?
-b7
In base 7, what is -3 - -64?
61
In base 14, what is -6a0 - 3?
-6a3
In base 4, what is -202 + -30?
-232
In base 6, what is -31 + 5?
-22
In base 9, what is -30137 - -5?
-30132
In base 15, what is -d0 - -3?
-cc
In base 6, what is 400 + -3?
353
In base 6, what is -50 - 0?
-50
In base 15, what is -1e + -6b?
-8a
In base 2, what is 1000101 + 1?
1000110
In base 13, what is 9 - -3bc?
3c8
In base 6, what is 4 - 5231?
-5223
In base 11, what is -13 - -40?
28
In base 4, what is 32311 + 0?
32311
In base 4, what is -22110 + 12?
-22032
In base 15, what is 5d - 33?
2a
In base 14, what is c - -8?
16
In base 12, what is 1b + 25b?
27a
In base 2, what is 0 + 11001010?
11001010
In base 8, what is -4 + 36?
32
In base 5, what is 31100 + 4?
31104
In base 7, what is -5 + -162?
-200
In base 16, what is -2be3 + 1?
-2be2
In base 6, what is -31 + -2?
-33
In base 15, what is 5 + 2c?
32
In base 2, what is 1000 + 1101001?
1110001
In base 16, what is 5b - 0?
5b
In base 12, what is 17b + -a?
171
In base 10, what is 1 - 47?
-46
In base 6, what is -11103 + 0?
-11103
In base 4, what is 32 - -231?
323
In base 3, what is -110 - -2020?
1210
In base 12, what is -30 - 70?
-a0
In base 9, what is 200 - 4?
185
In base 16, what is -51b + f?
-50c
In base 9, what is -5 - -5740?
5734
In base 14, what is 17b6 + -1?
17b5
In base 5, what is 0 + 2321?
2321
In base 15, what is -39 - -2?
-37
In base 2, what is -100101 - 100?
-101001
In base 13, what is -5 + 15?
10
In base 8, what is 2 + -2020?
-2016
In base 14, what is 3b6 - 3?
3b3
In base 8, what is -73 - -15?
-56
In base 7, what is -3 + -16?
-22
In base 9, what is 1 + -371?
-370
In base 8, what is -4 - -1503?
1477
In base 2, what is 110011 + -101111?
100
In base 16, what is -3 - 115?
-118
In base 6, what is -4 - 1135?
-1143
In base 4, what is 2232 - 11?
2221
In base 8, what is -10 - 44?
-54
In base 12, what is 557 - -5?
560
In base 9, what is 118 - 2?
116
In base 7, what is -4 - 603?
-610
In base 16, what is -1a + 3?
-17
In base 6, what is -314 + 5?
-305
In base 16, what is 13 + 21?
34
In base 8, what is 10 + -43?
-33
In base 13, what is 1 + -1aa?
-1a9
In base 12, what is 6 - 2b3?
-2a9
In base 5, what is 1114 + 10?
1124
In base 8, what is -1 - -115?
114
In base 8, what is 1432 + 1?
1433
In base 6, what is -2 + 4022?
4020
In base 3, what is -102 + -12121?
-20000
In base 6, what is 31 + 13?
44
In base 5, what is -3 - 113?
-121
In base 5, what is -4 + -14?
-23
In base 5, what is 14 + 31?
100
In base 5, what is 4 + -1334?
-1330
In base 7, what is -3 + -1321?
-1324
In base 13, what is -38 - 8?
-43
In base 11, what is 1 - 293?
-292
In base 10, what is 1 - -10?
11
In base 11, what is -a3 - -7?
-97
In base 13, what is 141 - 11?
130
In base 13, what is -19 + 1?
-18
In base 15, what is -206 - -d?
-1e8
In base 3, what is -22202 + 11?
-22121
In base 15, what is -2 - -639?
637
In base 10, what is 20 + -1?
19
In base 14, what is -d2 + 5?
-cb
In base 6, what is -2 + 122?
120
In base 13, what is -1b - -4?
-17
In base 15, what is -147 + 3?
-144
In base 8, what is 24 - 0?
24
In base 14, what is 3 - 181?
-17c
In base 9, what is 25 + 276?
312
In base 7, what is 342 - -2?
344
In base 7, what is 0 + -2543?
-2543
In base 12, what is 7b + -2?
79
In base 16, what is 407 + -1?
406
In base 11, what is 42 + -2?
40
In base 12, what is 5 + -27b3?
-27aa
In base 16, what is -89d - 2?
-89f
In base 6, what is 20 + 30?
50
In base 4, what is -33 + 323?
230
In base 2, what is 1 + -10011100100?
-10011100011
In base 15, what is -4 - 5b?
-60
In base 4, what is 1002 - -3?
1011
In base 16, what is 42a + 0?
42a
In base 